e 6?
-231
13 (base 6) to base 5
14
5 (base 7) to base 13
5
41 (base 5) to base 6
33
What is -23 (base 5) in base 11?
-12
-10 (base 16) to base 12
-14
Convert 3 (base 4) to base 2.
11
101010 (base 2) to base 7
60
What is 2 (base 5) in base 7?
2
Convert -5 (base 14) to base 8.
-5
28 (base 15) to base 6
102
Convert 12 (base 5) to base 7.
10
b (base 13) to base 8
13
-1001111 (base 2) to base 10
-79
What is -13 (base 4) in base 6?
-11
Convert 1110 (base 3) to base 7.
54
-23 (base 8) to base 13
-16
Convert -2110 (base 3) to base 12.
-56
What is -c (base 15) in base 8?
-14
0 (base 15) to base 2
0
Convert 14 (base 8) to base 15.
c
What is -3 (base 10) in base 11?
-3
111 (base 3) to base 13
10
Convert 14 (base 6) to base 15.
a
What is -38 (base 11) in base 8?
-51
What is -123 (base 5) in base 16?
-26
What is -5 (base 12) in base 9?
-5
What is 4 (base 5) in base 8?
4
What is -2 (base 11) in base 2?
-10
What is 41 (base 5) in base 9?
23
Convert 0 (base 2) to base 7.
0
What is 2 (base 14) in base 12?
2
Convert 1 (base 13) to base 5.
1
What is -101 (base 4) in base 5?
-32
-152 (base 7) to base 13
-68
-7 (base 12) to base 14
-7
What is -7 (base 16) in base 4?
-13
What is 147 (base 12) in base 4?
3013
-12122 (base 3) to base 15
-a2
Convert -1110 (base 2) to base 7.
-20
Convert -6 (base 10) to base 6.
-10
Convert -18 (base 9) to base 8.
-21
52 (base 10) to base 16
34
What is -32 (base 6) in base 16?
-14
What is -11 (base 11) in base 4?
-30
What is 1000001 (base 2) in base 9?
72
What is -33 (base 12) in base 9?
-43
-6 (base 11) to base 2
-110
What is 13 (base 14) in base 12?
15
What is -4 (base 14) in base 11?
-4
What is 0 (base 4) in base 11?
0
What is 7b (base 13) in base 4?
1212
-10101000 (base 2) to base 9
-206
What is -2 (base 13) in base 6?
-2
1 (base 10) to base 7
1
-15a (base 11) to base 6
-510
Convert a4 (base 12) to base 11.
103
Convert -6 (base 8) to base 3.
-20
Convert -8e (base 16) to base 2.
-10001110
What is 18 (base 14) in base 10?
22
Convert -8 (base 15) to base 3.
-22
What is 2 (base 9) in base 4?
2
What is 3 (base 14) in base 10?
3
What is 2 (base 5) in base 9?
2
Convert -343 (base 7) to base 10.
-178
What is 2 (base 12) in base 6?
2
Convert 55 (base 7) to base 11.
37
221 (base 11) to base 5
2030
Convert -442 (base 7) to base 8.
-342
Convert -10 (base 5) to base 7.
-5
What is -2 (base 15) in base 16?
-2
1 (base 2) to base 7
1
What is 0 (base 9) in base 10?
0
-1 (base 9) to base 15
-1
What is -19 (base 14) in base 10?
-23
-333 (base 4) to base 6
-143
-11 (base 2) to base 6
-3
Convert 1001 (base 2) to base 16.
9
-4 (base 14) to base 16
-4
-63 (base 12) to base 7
-135
Convert 3 (base 15) to base 4.
3
2 (base 15) to base 5
2
1 (base 9) to base 12
1
Convert -4 (base 9) to base 4.
-10
15 (base 7) to base 2
1100
-22 (base 7) to base 4
-100
10 (base 5) to base 16
5
Convert -2 (base 10) to base 3.
-2
Convert 3 (base 10) to base 15.
3
Convert -2 (base 16) to base 10.
-2
What is -353 (base 7) in base 5?
-1220
72 (base 14) to base 15
6a
What is 1001 (base 3) in base 8?
34
Convert -10 (base 11) to base 16.
-b
2 (base 14) to base 7
2
9 (base 10) to base 6
13
What is 1 (base 16) in base 8?
1
Convert 105 (base 6) to base 12.
35
-1 (base 16) to base 7
-1
What is 11 (base 13) in base 11?
13
What is -4 (base 12) in base 16?
-4
b (base 14) to base 5
21
-1212 (base 3) to base 9
-55
Convert 24 (base 9) to base 6.
34
What is -1 (base 3) in base 15?
-1
7 (base 14) to base 9
7
What is 4 (base 13) in base 9?
4
What is 5 (base 14) in base 10?
5
13 (base 12) to base 6
23
Convert -36 (base 8) to base 5.
-110
Convert 27 (base 8) to base 2.
10111
What is 110 (base 2) in base 14?
6
Convert -2 (base 10) to base 5.
-2
Convert 2 (base 15) to base 11.
2
Convert -21 (base 9) to base 13.
-16
-11 (base 16) to base 15
-12
-d (base 16) to base 6
-21
Convert -1120 (base 3) to base 2.
-101010
What is 11110110 (base 2) in base 5?
1441
What is 46 (base 11) in base 2?
110010
Convert -5 (base 14) to base 9.
-5
-4 (base 7) to base 6
-4
What is -163 (base 9) in base 5?
-1023
-475 (base 8) to base 12
-225
Convert -34 (base 13) to base 7.
-61
What is 302 (base 4) in base 6?
122
100 (base 2) to base 13
4
What is -223 (base 12) in base 15?
-160
-2 (base 9) to base 2
-10
Convert 1011 (base 2) to base 6.
15
-31 (base 8) to base 16
-19
-38 (base 14) to base 4
-302
What is 7 (base 11) in base 2?
111
10 (base 2) to base 6
2
33 (base 13) to base 10
42
What is 3 (base 10) in base 11?
3
What is -25 (base 13) in base 5?
-111
What is 15 (base 6) in base 9?
12
Convert -1a (base 12) to base 7.
-31
What is -24 (base 6) in base 8?
-20
Convert -4 (base 12) to base 9.
-4
What is 347 (base 8) in base 5?
1411
What is 11 (base 3) in base 4?
10
Convert -132 (base 6) to base 8.
-70
What is -112 (base 3) in base 11?
-13
What is 111 (base 5) in base 4?
133
Convert -1a (base 14) to base 11.
-22
Convert -11 (base 12) to base 6.
-21
-7 (base 10) to base 9
-7
What is 221 (base 5) in base 7?
115
What is 43 (base 11) in base 14?
35
Convert -5 (base 13) to base 7.
-5
-5 (base 11) to base 10
-5
What is cf (base 16) in base 5?
1312
What is -2 (base 15) in base 11?
-2
What is -333 (base 10) in base 15?
-173
-8 (base 14) to base 2
-1000
-22 (base 9) to base 4
-110
What is 10 (base 5) in base 2?
101
What is 1 (base 8) in base 15?
1
What is 4 (base 11) in base 7?
4
What is -20 (base 12) in base 9?
-26
4 (base 9) to base 3
11
What is 111 (base 2) in base 10?
7
0 (base 9) to base 8
0
-10 (base 2) to base 4
-2
Convert 1 (base 5) to base 15.
1
7 (base 15) to base 14
7
Convert 31 (base 4) to base 16.
d
Convert -16 (base 14) to base 3.
-202
9f (base 16) to base 12
113
-62 (base 14) to base 6
-222
Convert 26 (base 8) to base 11.
20
Convert -1 (base 16) to base 13.
-1
What is -a5 (base 14) in base 12?
-101
What is 6 (base 12) in base 13?
6
8 (base 16) to base 6
12
What is 2 (base 15) in base 5?
2
What is 1 (base 16) in base 14?
1
Convert -403 (base 6) to base 12.
-103
Convert -17a (base 12) to base 10.
-238
What is 100 (base 4) in base 5?
31
Convert -1112 (base 3) to base 6.
-105
What is -10 (base 2) in base 14?
-2
Convert 15 (base 6) to base 15.
b
Convert 4 (base 12) to base 14.
4
Convert 58 (base 9) to base 13.
41
-101 (base 2) to base 9
-5
5d (base 16) to base 9
113
520 (base 8) to base 12
240
What is a (base 14) in base 15?
a
What is 22 (base 11) in base 4?
120
Convert -52 (base 14) to base 3.
-2200
Convert 2211 (base 3) to base 2.
1001100
What is -120 (base 9) in base 8?
-143
Convert -42 (base 5) to base 16.
-16
Convert -25 (base 12) to base 14.
-21
12 (base 6) to base 15
8
Convert -1001000 (base 2) to base 5.
-242
0 (base 12) to base 3
0
36 (base 11) to base 16
27
What is 0 (base 4) in base 7?
0
-1 (base 9) to base 7
-1
Convert -1150 (base 6) to base 10.
-282
Convert 2 (base 13) to base 9.
2
Convert 413 (base 6) to base 8.
231
What is 20 (base 13) in base 12?
22
What is 25 (base 11) in base 5?
102
Convert 87 (base 9) to base 7.
142
Convert -19 (base 11) to base 3.
-202
What is 3 (base 15) in base 13?
3
What is -26 (base 8) in base 15?
-17
2 (base 8) to base 4
2
111000 (base 2) to base 7
110
Convert -1 (base 9) to base 13.
-1
What is 1 (base 6) in base 2?
1
What is 4 (base 7) in base 14?
4
Convert 2 (base 3) to base 16.
2
Convert -9 (base 14) to base 13.
-9
What is 202 (base 3) in base 14?
16
4 (base 9) to base 6
4
What is 1 (base 16) in base 14?
1
Convert 4 (base 10) to base 6.
4
Convert 209 (base 12) to base 3.
102000
Convert -1 (base 11) to base 9.
-1
Convert 14 (base 7) to base 9.
12
Convert -a (base 16) to base 5.
-20
5e (base 16) to base 2
1011110
-653 (base 7) to base 6
-1312
11 (base 2) to base 8
3
12 (base 7) to base 13
9
What is 6 (base 13) in base 12?
6
Convert 11111 (base 2) to base 14.
23
What is 1 (base 14) in base 9?
1
Convert -50 (base 15) to base 14.
-55
80 (base 14) to base 15
77
What is -12 (base 6) in base 8?
-10
Convert -c8 (base 14) to base 3.
-20112
Convert 24 (base 13) to base 5.
110
Convert 35 (base 8) to base 12.
25
Convert -34 (base 13) to base 11.
-3a
-5 (base 7) to base 3
-12
Convert -5 (base 6) to base 3.
-12
What is 121 (base 3) in base 5?
31
What is -3a (base 12) in base 2?
-101110
What is -45 (base 8) in base 10?
-37
Convert -3b (base 13) to base 16.
-32
Convert -41 (base 6) to base 2.
-11001
C